at is the units digit of 1486692?
2
What is the tens digit of 30241003?
0
What is the thousands digit of 6831673?
1
What is the units digit of 10129085?
5
What is the tens digit of 405205?
0
What is the thousands digit of 61809?
1
What is the units digit of 10944573?
3
What is the ten thousands digit of 179767?
7
What is the ten thousands digit of 29382?
2
What is the units digit of 2383102?
2
What is the ten thousands digit of 11309415?
0
What is the tens digit of 138584?
8
What is the thousands digit of 110938?
0
What is the millions digit of 2350615?
2
What is the thousands digit of 20794125?
4
What is the hundreds digit of 280165?
1
What is the units digit of 360525?
5
What is the hundreds digit of 133972?
9
What is the hundred thousands digit of 20666301?
6
What is the thousands digit of 8826235?
6
What is the ten thousands digit of 1837651?
3
What is the ten millions digit of 16018119?
1
What is the millions digit of 1472636?
1
What is the hundreds digit of 4576894?
8
What is the tens digit of 3531146?
4
What is the hundred thousands digit of 4003401?
0
What is the units digit of 22687?
7
What is the hundreds digit of 11659185?
1
What is the hundreds digit of 206011?
0
What is the tens digit of 539571?
7
What is the tens digit of 49118?
1
What is the tens digit of 23293?
9
What is the thousands digit of 702818?
2
What is the thousands digit of 262619?
2
What is the ten thousands digit of 22889375?
8
What is the hundreds digit of 753078?
0
What is the tens digit of 38472?
7
What is the millions digit of 9552891?
9
What is the hundreds digit of 9692?
6
What is the millions digit of 1308905?
1
What is the units digit of 1385903?
3
What is the units digit of 34336040?
0
What is the hundreds digit of 9635386?
3
What is the hundreds digit of 202049?
0
What is the hundreds digit of 70438?
4
What is the thousands digit of 891784?
1
What is the hundred thousands digit of 15127450?
1
What is the tens digit of 211292?
9
What is the thousands digit of 43976?
3
What is the tens digit of 892948?
4
What is the tens digit of 5964346?
4
What is the ten thousands digit of 120024?
2
What is the hundred thousands digit of 101922?
1
What is the units digit of 2205289?
9
What is the hundred thousands digit of 1905169?
9
What is the units digit of 1612790?
0
What is the thousands digit of 12427477?
7
What is the ten millions digit of 16235846?
1
What is the ten thousands digit of 216346?
1
What is the hundred thousands digit of 781830?
7
What is the ten millions digit of 18271697?
1
What is the units digit of 39109?
9
What is the ten thousands digit of 777532?
7
What is the hundreds digit of 2757235?
2
What is the thousands digit of 2108635?
8
What is the thousands digit of 238672?
8
What is the hundred thousands digit of 2908689?
9
What is the hundred thousands digit of 9702732?
7
What is the millions digit of 4055088?
4
What is the millions digit of 5052307?
5
What is the tens digit of 363670?
7
What is the units digit of 356939?
9
What is the thousands digit of 10940?
0
What is the units digit of 1121268?
8
What is the thousands digit of 347394?
7
What is the tens digit of 6153446?
4
What is the tens digit of 66840?
4
What is the units digit of 2150054?
4
What is the hundreds digit of 408488?
4
What is the hundreds digit of 120461?
4
What is the hundreds digit of 7328769?
7
What is the hundreds digit of 1920870?
8
What is the hundreds digit of 1042616?
6
What is the hundreds digit of 10581306?
3
What is the hundred thousands digit of 301747?
3
What is the hundreds digit of 6843874?
8
What is the millions digit of 3852679?
3
What is the hundred thousands digit of 1668863?
6
What is the hundreds digit of 160568?
5
What is the thousands digit of 28663?
8
What is the millions digit of 11043484?
1
What is the units digit of 269067?
7
What is the tens digit of 10038020?
2
What is the hundred thousands digit of 298024?
2
What is the thousands digit of 196326?
6
What is the thousands digit of 26137?
6
What is the millions digit of 7731987?
7
What is the units digit of 181152?
2
What is the hundred thousands digit of 1455569?
4
What is the ten thousands digit of 9128291?
2
What is the millions digit of 30104014?
0
What is the thousands digit of 141349?
1
What is the hundreds digit of 186066?
0
What is the tens digit of 186739?
3
What is the hundreds digit of 743037?
0
What is the hundred thousands digit of 2288398?
2
What is the hundred thousands digit of 5763304?
7
What is the ten thousands digit of 145525?
4
What is the tens digit of 6513497?
9
What is the tens digit of 1352178?
7
What is the tens digit of 267404?
0
What is the tens digit of 1589799?
9
What is the thousands digit of 5814417?
4
What is the hundred thousands digit of 473327?
4
What is the units digit of 40424?
4
What is the hundreds digit of 740675?
6
What is the thousands digit of 109785?
9
What is the millions digit of 8055903?
8
What is the thousands digit of 22804?
2
What is the thousands digit of 101732?
1
What is the units digit of 2713827?
7
What is the hundred thousands digit of 119808?
1
What is the ten thousands digit of 164764?
6
What is the units digit of 2852450?
0
What is the thousands digit of 572017?
2
What is the ten thousands digit of 6776554?
7
What is the thousands digit of 3818615?
8
What is the thousands digit of 602036?
2
What is the hundreds digit of 21053266?
2
What is the thousands digit of 2864013?
4
What is the hundreds digit of 332259?
2
What is the hundred thousands digit of 2019887?
0
What is the ten thousands digit of 10930980?
3
What is the units digit of 207668?
8
What is the hundred thousands digit of 522259?
5
What is the hundred thousands digit of 20761667?
7
What is the hundred thousands digit of 309329?
3
What is the thousands digit of 6349851?
9
What is the hundred thousands digit of 3913119?
9
What is the ten thousands digit of 2568482?
6
What is the units digit of 66455?
5
What is the tens digit of 1063800?
0
What is the millions digit of 4468315?
4
What is the hundreds digit of 576478?
4
What is the ten thousands digit of 2869095?
6
What is the hundreds digit of 190273?
2
What is the thousands digit of 2714273?
4
What is the units digit of 1497762?
2
What is the thousands digit of 1102543?
2
What is the hundreds digit of 206582?
5
What is the ten thousands digit of 1521649?
2
What is the tens digit of 178353?
5
What is the units digit of 53977?
7
What is the hundreds digit of 542339?
3
What is the units digit of 856481?
1
What is the ten thousands digit of 899127?
9
What is the hundred thousands digit of 229867?
2
What is the hundred thousands digit of 16273681?
2
What is the hundred thousands digit of 639328?
6
What is the hundreds digit of 895215?
2
What is the thousands digit of 106651?
6
What is the tens digit of 229598?
9
What is the units digit of 496295?
5
What is the hundred thousands digit of 224507?
2
What is the units digit of 4043866?
6
What is the units digit of 2806762?
2
What is the units digit of 25997?
7
What is the ten thousands digit of 2711118?
1
What is the hundreds digit of 1795875?
8
What is the hundred thousands digit of 497037?
4
What is the units digit of 10818?
8
What is the units digit of 216057?
7
What is the units digit of 1219325?
5
What is the ten thousands digit of 184126?
8
What is the tens digit of 9883000?
0
What is the ten thousands digit of 5806631?
0
What is the millions digit of 2956499?
2
What is the hundred thousands digit of 12530697?
5
What is the hundreds digit of 657096?
0
What is the hundreds digit of 208978?
9
What is the millions digit of 23488425?
3
What is the hundreds digit of 638735?
7
What is the hundred thousands digit of 16306481?
3
What is the hundreds digit of 14194940?
9
What is the units digit of 1023799?
9
What is the thousands digit of 14010269?
0
What is the units digit of 17528749?
9
What is the units digit of 1603174?
4
What is the tens digit of 468133?
3
What is the tens digit of 11570768?
6
What is the units digit of 298150?
0
What is the hundred thousands digit of 964886?
9
What is the units digit of 4042697?
7
What is the units digit of 1719178?
8
What is the hundred thousands digit of 632117?
6
What is the units digit of 7732199?
9
What is the thousands digit of 264806?
4
What is the